divide 6411890577?
True
Does 6 divide 65983854?
True
Is 78785363 a multiple of 4?
False
Is 2109319527 a multiple of 71?
False
Does 70 divide 53447170?
True
Is 29775120 a multiple of 388?
True
Is 22 a factor of 1712753152?
True
Does 501 divide 781154691?
True
Is 6 a factor of 1981746533?
False
Does 1958 divide 902782892?
True
Is 14 a factor of 182027992?
False
Is 2711054320 a multiple of 65?
True
Is 690778882 a multiple of 1539?
False
Is 1371 a factor of 3771480314?
False
Is 30 a factor of 15936860?
False
Is 1227 a factor of 510501628?
False
Is 95 a factor of 1953559142?
False
Is 2832 a factor of 537298368?
True
Does 232 divide 1306524902?
False
Is 52220459 a multiple of 2?
False
Is 235526827 a multiple of 860?
False
Is 87269680 a multiple of 148?
True
Is 2669361354 a multiple of 31?
False
Is 6 a factor of 1605618723?
False
Is 436 a factor of 42180385?
False
Does 256 divide 3883295856?
False
Is 228664870 a multiple of 490?
True
Does 13 divide 104869388?
True
Does 23 divide 1569856053?
True
Is 1023487010 a multiple of 6958?
True
Is 384735947 a multiple of 385?
False
Is 62623555 a multiple of 38?
False
Is 1403476256 a multiple of 10909?
False
Is 299 a factor of 15136173?
False
Is 886155036 a multiple of 12?
True
Does 42 divide 85475082?
True
Is 67 a factor of 77828099?
False
Does 383 divide 92461059?
False
Is 38 a factor of 1019275280?
False
Does 1466 divide 259269124?
False
Does 1028 divide 3021483208?
True
Is 2196609 even?
False
Does 93 divide 34611903?
True
Does 1975 divide 675771925?
True
Is 97837372 a multiple of 10?
False
Does 345 divide 65542586?
False
Is 15 a factor of 1423443000?
True
Is 2234 a factor of 375349978?
True
Does 824 divide 3711706100?
False
Is 96 a factor of 42802818?
False
Is 76 a factor of 105174049?
False
Is 4058414591 a multiple of 7?
True
Is 143371178 a multiple of 23?
False
Is 466329000 a multiple of 750?
True
Is 148059630 a multiple of 90?
True
Is 1260 a factor of 40737233?
False
Is 24 a factor of 161070552?
True
Does 378 divide 3803058?
True
Is 127703338 a multiple of 7?
True
Is 39 a factor of 7648982?
False
Is 34182678 a multiple of 43?
True
Is 595514524 a multiple of 1199?
True
Is 522431301 a multiple of 17?
True
Does 6 divide 260034715?
False
Is 1004 a factor of 109550456?
True
Is 12 a factor of 1171471332?
True
Does 473 divide 5896977?
False
Is 11084427 a multiple of 607?
True
Does 530 divide 33942790?
True
Is 548 a factor of 5198328?
True
Is 2 a factor of 7541849?
False
Does 168 divide 7474395039?
False
Does 707 divide 106803272?
False
Does 11 divide 41274497?
True
Is 213854988 a multiple of 2076?
True
Is 168690763 a multiple of 43?
True
Is 10912640 a multiple of 578?
True
Does 65 divide 333076380?
True
Is 44 a factor of 51295200?
True
Does 29 divide 240268198?
False
Is 20 a factor of 3283830494?
False
Is 55527355 a multiple of 527?
True
Is 205 a factor of 62305855?
True
Is 5090689 a multiple of 9?
False
Does 4776 divide 60516950?
False
Is 36688097 a multiple of 31?
True
Is 76 a factor of 12933043?
False
Is 138868927 a multiple of 909?
False
Is 23 a factor of 904314?
True
Is 205621401 a multiple of 4896?
False
Does 23 divide 1431364908?
False
Does 11 divide 86513889?
True
Is 39 a factor of 63963588?
True
Is 52 a factor of 373542052?
True
Is 49094144 a multiple of 368?
True
Is 427 a factor of 34441334?
False
Does 22 divide 1727564454?
True
Is 204 a factor of 7072326?
False
Is 202409460 a multiple of 9?
True
Is 653411730 a multiple of 302?
True
Is 1491 a factor of 490525581?
True
Does 52 divide 168521258?
False
Is 21 a factor of 47993295?
True
Is 238342915 even?
False
Is 118857750 a multiple of 22?
True
Does 896 divide 4504500253?
False
Is 13628791 a multiple of 28?
False
Is 47 a factor of 243469165?
True
Is 29 a factor of 26469634?
True
Is 653113240 a multiple of 20?
True
Is 891 a factor of 217400436?
True
Is 65577778 a multiple of 263?
False
Is 2432 a factor of 385340162?
False
Is 66342908 a multiple of 75?
False
Does 89 divide 111277622?
False
Is 746195460 a multiple of 20?
True
Is 109 a factor of 1399283358?
True
Does 14 divide 304343203?
False
Is 618 a factor of 7390044?
True
Is 76719620 a multiple of 1570?
True
Is 1895911 a multiple of 6?
False
Does 364 divide 691680080?
True
Is 21319056 a multiple of 103?
False
Does 23 divide 7543960?
False
Is 160669766 a multiple of 46?
True
Is 13322826 a multiple of 9?
True
Does 8 divide 160540?
False
Does 92 divide 1062290629?
False
Is 65 a factor of 3011019305?
False
Is 32467620 a multiple of 68?
True
Does 68 divide 27287889?
False
Does 26 divide 5777148?
True
Is 65825959 a multiple of 67?
True
Is 3 a factor of 14725507?
False
Does 208 divide 1694026464?
True
Is 42 a factor of 70965169?
False
Is 22863595 a multiple of 12?
False
Is 3413902830 a multiple of 2843?
True
Does 1584 divide 352299024?
True
Is 1102 a factor of 17154950?
False
Is 13 a factor of 49662197?
True
Is 13 a factor of 72389436?
False
Does 72 divide 3487839624?
True
Is 5387536 a multiple of 77?
True
Is 133 a factor of 74522028?
True
Does 98 divide 5296203?
False
Is 747549570 a multiple of 94?
True
Is 13 a factor of 343917782?
True
Does 2080 divide 5784039717?
False
Does 456 divide 532365408?
True
Is 36156758 a multiple of 1549?
True
Is 103376358 a multiple of 18?
True
Does 2571 divide 879896469?
True
Is 622407772 a multiple of 3004?
True
Is 534812684 a multiple of 28?
True
Does 39 divide 102897093?
True
Is 16 a factor of 411462623?
False
Does 30 divide 448297538?
False
Is 3 a factor of 2708617?
False
Is 7 a factor of 3710454496?
True
Is 1055 a factor of 48320055?
True
Does 216 divide 91530864?
True
Is 501 a factor of 444689488?
False
Is 2491 a factor of 191815425?
False
Is 6989392 a multiple of 43?
True
Does 13 divide 2019721?
False
Does 793 divide 149184091?
False
Is 24 a factor of 2751354952?
False
Is 52 a factor of 39024232?
True
Is 701 a factor of 23335262?
False
Is 183902636 a multiple of 5?
False
Does 1726 divide 305861008?
True
Does 52 divide 445731265?
False
Is 213 a factor of 28398471?
False
Is 403413131 a multiple of 12?
False
Is 18730096 a multiple of 88?
True
Is 304456795 a multiple of 30?
False
Is 814512480 a multiple of 530?
True
Is 142 a factor of 8738680?
True
Does 33 divide 38436962?
False
Is 1387 a factor of 1682431?
True
Is 1159561726 a multiple of 12?
False
Is 17228968 a multiple of 192?
False
Is 1460906934 a multiple of 8662?
True
Is 235 a factor of 76643035?
False
Is 386752300 a multiple of 275?
True
Does 77 divide 15144437?
True
Is 104 a factor of 87933169?
False
Is 970458816 a multiple of 456?
False
Does 1699 divide 63369091?
False
Does 823 divide 1975455130?
True
Is 567178405 a multiple of 7?
False
Is 32 a factor of 745185280?
True
Is 40036320 a multiple of 90?
True
Is 426 a factor of 22761706?
False
Does 446 divide 216790788?
True
Is 1992 a factor of 66528364?
False
Does 367 divide 1112929335?
True
Does 817 divide 3514060792?
True
Is 73 a factor of 215569526?
False
Is 379820220 a multiple of 1820?
False
Is 58591494 a multiple of 30?
False
Is 40 a factor of 682318320?
True
Does 2038 divide 147051816?
False
Does 13 divide 52075003?
False
Is 116391834 a multiple of 341?
False
Is 42 a factor of 235823830?
False
Is 2197 a factor of 70600595?
True
Is 89731512 a multiple of 22?
False
Is 97 a factor of 197143770?
True
Is 389 a factor of 731288539?
False
Does 472 divide 24055863?
False
Does 25 divide 522035?
False
Is 11345 a factor of 414614370?
True
Does 3258 divide 125599470?
False
Is 338 a factor of 444946026?
False
Is 138 a factor of 36535469?
False
Is 56 a factor of 110373459?
False
Is 1678491 a multiple of 192?
False
Is 173 a factor of 1207759426?
False
Is 12 a factor of 87640596?
True
Is 1463666124 a multiple of 6845?
False
Is 118147966 a multiple of 19?
True
Does 25 divide 15942375?
True
Is 570 a factor of 27361683?
False
Is 313 a factor of 317944148?
True
Is 402936600 a multiple of 3300?
True
Is 65 a factor of 115505852?
False
Is 38557660 a multiple of 8?
False
Is 12973500 a multiple of 293?
False
Is 238 a factor of 7907788?
True
Does 18 divide 369788400?
True
Is 15155178 a multiple of 12?
False
Is 45 a factor of 26800384?
False
Is 2411552728 a multiple of 1544?
False
Is 784 a factor of 1705734176?
False
Is 7818 a factor of 1212915792?
True
Does 221 divide 4416374?
False
Is 